{"id":129,"date":"2024-07-15T19:23:31","date_gmt":"2024-07-16T00:23:31","guid":{"rendered":"https:\/\/fundacionlazosdefe.org\/?page_id=129"},"modified":"2025-04-27T18:36:20","modified_gmt":"2025-04-27T23:36:20","slug":"fundacion","status":"publish","type":"page","link":"https:\/\/fundacionlazosdefe.org\/inicio\/fundacion\/","title":{"rendered":"Nuestra fundaci\u00f3n"},"content":{"rendered":"<div class=\"n2-section-smartslider fitvidsignore  n2_clear\" data-ssid=\"6\" tabindex=\"0\" role=\"region\" aria-label=\"Slider\"><div id=\"n2-ss-6-align\" class=\"n2-ss-align\"><div class=\"n2-padding\"><div id=\"n2-ss-6\" data-creator=\"Smart Slider 3\" data-responsive=\"auto\" class=\"n2-ss-slider n2-ow n2-has-hover n2notransition  \">\n\n\n\n\n\n\n\n\n\n<div class=\"n2-ss-slider-wrapper-inside\">\n        <div class=\"n2-ss-slider-1 n2_ss__touch_element n2-ow\">\n            <div class=\"n2-ss-slider-2 n2-ow\">\n                                                    <div class=\"n2-ss-background-animation n2-ow\"><\/div>\n                                <div class=\"n2-ss-slider-3 n2-ow\">\n\n                    <div class=\"n2-ss-slide-backgrounds n2-ow-all\"><div class=\"n2-ss-slide-background\" data-public-id=\"1\" data-mode=\"fill\"><div class=\"n2-ss-slide-background-image\" data-blur=\"0\" data-opacity=\"100\" data-x=\"51\" data-y=\"28\" data-alt=\"\" data-title=\"\" style=\"--ss-o-pos-x:51%;--ss-o-pos-y:28%\"><picture class=\"skip-lazy\" data-skip-lazy=\"1\"><img decoding=\"async\" src=\"\/\/fundacionlazosdefe.org\/wp-content\/uploads\/2024\/12\/RMWRecurso-32.png\" alt=\"\" title=\"\" loading=\"lazy\" class=\"skip-lazy\" data-skip-lazy=\"1\"><\/picture><\/div><div data-color=\"RGBA(255,255,255,0)\" style=\"background-color: RGBA(255,255,255,0);\" class=\"n2-ss-slide-background-color\"><\/div><\/div><div class=\"n2-ss-slide-background\" data-public-id=\"2\" data-mode=\"center\" aria-hidden=\"true\"><div class=\"n2-ss-slide-background-image\" data-blur=\"0\" data-opacity=\"100\" data-x=\"82\" data-y=\"59\" data-alt=\"\" data-title=\"\" style=\"--ss-o-pos-x:82%;--ss-o-pos-y:59%\"><picture class=\"skip-lazy\" data-skip-lazy=\"1\"><img decoding=\"async\" src=\"\/\/fundacionlazosdefe.org\/wp-content\/uploads\/2024\/12\/RMWRecurso-29.png\" alt=\"\" title=\"\" loading=\"lazy\" class=\"skip-lazy\" data-skip-lazy=\"1\"><\/picture><\/div><div data-color=\"RGBA(255,255,255,0)\" style=\"background-color: RGBA(255,255,255,0);\" class=\"n2-ss-slide-background-color\"><\/div><\/div><\/div>                    <div class=\"n2-ss-slider-4 n2-ow\">\n                        <svg xmlns=\"http:\/\/www.w3.org\/2000\/svg\" viewBox=\"0 0 1200 600\" data-related-device=\"desktopPortrait\" class=\"n2-ow n2-ss-preserve-size n2-ss-preserve-size--slider n2-ss-slide-limiter\"><\/svg><div data-first=\"1\" data-slide-duration=\"0\" data-id=\"13\" data-slide-public-id=\"1\" data-title=\"Slide 1\" class=\"n2-ss-slide n2-ow  n2-ss-slide-13\"><div role=\"note\" class=\"n2-ss-slide--focus\" tabindex=\"-1\">Slide 1<\/div><div class=\"n2-ss-layers-container n2-ss-slide-limiter n2-ow\"><div class=\"n2-ss-layer n2-ow n-uc-cl2jmZL28HfZ\" data-sstype=\"slide\" data-pm=\"default\"><div class=\"n2-ss-layer n2-ow n-uc-Ot1vzGP2IfOG\" data-pm=\"default\" data-sstype=\"content\" data-hasbackground=\"0\"><div class=\"n2-ss-section-main-content n2-ss-layer-with-background n2-ss-layer-content n2-ow n-uc-Ot1vzGP2IfOG-inner\"><div class=\"n2-ss-layer n2-ow n2-ss-layer--block n2-ss-has-self-align n-uc-ZEuRCC3MOWbm\" data-pm=\"normal\" data-sstype=\"row\"><div class=\"n2-ss-layer-row n2-ss-layer-with-background n-uc-ZEuRCC3MOWbm-inner\"><div class=\"n2-ss-layer-row-inner \"><div class=\"n2-ss-layer n2-ow n-uc-CHIqHFP2N3vo\" data-pm=\"default\" data-sstype=\"col\"><div class=\"n2-ss-layer-col n2-ss-layer-with-background n2-ss-layer-content n-uc-CHIqHFP2N3vo-inner\"><div class=\"n2-ss-layer n2-ow n-uc-Bbwcd9nLf7lN\" data-pm=\"normal\" data-sstype=\"layer\"><h1 id=\"n2-ss-6item1\" class=\"n2-font-d8e7687f59c240974f6b5506702fd1e1-hover   n2-ss-item-content n2-ss-text n2-ow\" style=\"display:block;\">Unidos por el mismo coraz\u00f3n<\/h1><\/div><div class=\"n2-ss-layer n2-ow n-uc-NAdZ6X6XIgqC\" data-pm=\"normal\" data-sstype=\"layer\"><div class=\"n2-ss-item-content n2-ss-text n2-ow-all\"><div class=\"\"><p class=\"n2-font-e643fe0dc4e9f4fbaeef09e29350f07e-paragraph   \">Somos una comunidad dedicada a transformar vidas. Descubre qu\u00e9 nos mueve y por qu\u00e9 creemos en un ma\u00f1ana mejor.<\/p>\n<\/div><\/div><\/div><\/div><\/div><\/div><\/div><\/div><\/div><\/div><\/div><\/div><\/div><div data-slide-duration=\"0\" data-id=\"14\" data-slide-public-id=\"2\" aria-hidden=\"true\" data-title=\"Slide 2\" class=\"n2-ss-slide n2-ow  n2-ss-slide-14\"><div role=\"note\" class=\"n2-ss-slide--focus\" tabindex=\"-1\">Slide 2<\/div><div class=\"n2-ss-layers-container n2-ss-slide-limiter n2-ow\"><div class=\"n2-ss-layer n2-ow n-uc-yRpliHhHUXYM\" data-sstype=\"slide\" data-pm=\"default\"><div class=\"n2-ss-layer n2-ow n-uc-hcBzgtp6ScBx\" data-pm=\"default\" data-sstype=\"content\" data-hasbackground=\"0\"><div class=\"n2-ss-section-main-content n2-ss-layer-with-background n2-ss-layer-content n2-ow n-uc-hcBzgtp6ScBx-inner\"><div class=\"n2-ss-layer n2-ow n2-ss-layer--block n2-ss-has-self-align n-uc-s5SNG26vs4Nz\" data-pm=\"normal\" data-sstype=\"row\"><div class=\"n2-ss-layer-row n2-ss-layer-with-background n-uc-s5SNG26vs4Nz-inner\"><div class=\"n2-ss-layer-row-inner \"><div class=\"n2-ss-layer n2-ow n-uc-k4DvYycc49GY\" data-pm=\"default\" data-sstype=\"col\"><div class=\"n2-ss-layer-col n2-ss-layer-with-background n2-ss-layer-content n-uc-k4DvYycc49GY-inner\"><div class=\"n2-ss-layer n2-ow n-uc-9XT60dKmKSiD\" data-pm=\"normal\" data-sstype=\"layer\"><h1 id=\"n2-ss-6item3\" class=\"n2-font-d8e7687f59c240974f6b5506702fd1e1-hover   n2-ss-item-content n2-ss-text n2-ow\" style=\"display:block;\">Nuestra esencia, tu apoyo<\/h1><\/div><div class=\"n2-ss-layer n2-ow n-uc-TO7TJaF0TCxM\" data-pm=\"normal\" data-sstype=\"layer\"><div class=\"n2-ss-item-content n2-ss-text n2-ow-all\"><div class=\"\"><p class=\"n2-font-47728c8cb4e262d1beb051a7e582bde7-paragraph   \">Compromiso, empat\u00eda y acci\u00f3n. Conoce los valores que gu\u00edan nuestra labor d\u00eda a d\u00eda.<\/p>\n<\/div><\/div><\/div><\/div><\/div><\/div><\/div><\/div><\/div><\/div><\/div><\/div><\/div>                    <\/div>\n\n                                    <\/div>\n            <\/div>\n        <\/div>\n        <div class=\"n2-ss-slider-controls n2-ss-slider-controls-absolute-left-center\"><div style=\"--widget-offset:10px;\" class=\"n2-ss-widget n2-ss-widget-display-hover n2-style-c65dc3560c7973fb135fd2d39eb80ee4-heading nextend-arrow n2-ow-all nextend-arrow-previous  nextend-arrow-animated-fade\" data-hide-mobileportrait=\"1\" id=\"n2-ss-6-arrow-previous\" role=\"button\" aria-label=\"previous arrow\" tabindex=\"0\"><img loading=\"lazy\" decoding=\"async\" width=\"32\" height=\"32\" class=\"n2-arrow-normal-img skip-lazy\" data-skip-lazy=\"1\" src=\"data:image\/svg+xml;base64,PHN2ZyB3aWR0aD0iMzIiIGhlaWdodD0iMzIiIHZpZXdCb3g9IjAgMCAzMiAzMiIgeG1sbnM9Imh0dHA6Ly93d3cudzMub3JnLzIwMDAvc3ZnIj4KICAgIDxwYXRoIGQ9Ik0yMS41OCAyMy41OGwtNy45NjItNy41ODMgNy44Ni03LjQ4NWMuMzItLjI2Mi41MjItLjY1LjUyMi0xLjA4M0MyMiA2LjY0IDIxLjMyOCA2IDIwLjUgNmMtLjQwMyAwLS43NjguMTUtMS4wMzguMzk4bC0uMDA0LS4wMDQtOSA4LjU3di4wMDJjLS4yODIuMjYtLjQ1OC42MjQtLjQ1OCAxLjAyOFYxNmMwIC40MDQuMTc2Ljc3LjQ2IDEuMDNoLS4wMDJsOSA4LjU3Yy4yNy4yNDcuNjM4LjQgMS4wNDIuNC44MyAwIDEuNS0uNjQgMS41LTEuNDMgMC0uMzg0LS4xNi0uNzMzLS40Mi0uOTl6IgogICAgICAgICAgZmlsbD0iIzBiNzNhOCIgb3BhY2l0eT0iMSIgZmlsbC1ydWxlPSJldmVub2RkIi8+Cjwvc3ZnPg==\" alt=\"previous arrow\"><img loading=\"lazy\" decoding=\"async\" width=\"32\" height=\"32\" class=\"n2-arrow-hover-img skip-lazy\" data-skip-lazy=\"1\" src=\"data:image\/svg+xml;base64,PHN2ZyB3aWR0aD0iMzIiIGhlaWdodD0iMzIiIHZpZXdCb3g9IjAgMCAzMiAzMiIgeG1sbnM9Imh0dHA6Ly93d3cudzMub3JnLzIwMDAvc3ZnIj4KICAgIDxwYXRoIGQ9Ik0yMS41OCAyMy41OGwtNy45NjItNy41ODMgNy44Ni03LjQ4NWMuMzItLjI2Mi41MjItLjY1LjUyMi0xLjA4M0MyMiA2LjY0IDIxLjMyOCA2IDIwLjUgNmMtLjQwMyAwLS43NjguMTUtMS4wMzguMzk4bC0uMDA0LS4wMDQtOSA4LjU3di4wMDJjLS4yODIuMjYtLjQ1OC42MjQtLjQ1OCAxLjAyOFYxNmMwIC40MDQuMTc2Ljc3LjQ2IDEuMDNoLS4wMDJsOSA4LjU3Yy4yNy4yNDcuNjM4LjQgMS4wNDIuNC44MyAwIDEuNS0uNjQgMS41LTEuNDMgMC0uMzg0LS4xNi0uNzMzLS40Mi0uOTl6IgogICAgICAgICAgZmlsbD0iI2ZmZmZmZiIgb3BhY2l0eT0iMSIgZmlsbC1ydWxlPSJldmVub2RkIi8+Cjwvc3ZnPg==\" alt=\"previous arrow\"><\/div><\/div><div class=\"n2-ss-slider-controls n2-ss-slider-controls-absolute-right-center\"><div style=\"--widget-offset:10px;\" class=\"n2-ss-widget n2-ss-widget-display-hover n2-style-c65dc3560c7973fb135fd2d39eb80ee4-heading nextend-arrow n2-ow-all nextend-arrow-next  nextend-arrow-animated-fade\" data-hide-mobileportrait=\"1\" id=\"n2-ss-6-arrow-next\" role=\"button\" aria-label=\"next arrow\" tabindex=\"0\"><img loading=\"lazy\" decoding=\"async\" width=\"32\" height=\"32\" class=\"n2-arrow-normal-img skip-lazy\" data-skip-lazy=\"1\" src=\"data:image\/svg+xml;base64,PHN2ZyB3aWR0aD0iMzIiIGhlaWdodD0iMzIiIHZpZXdCb3g9IjAgMCAzMiAzMiIgeG1sbnM9Imh0dHA6Ly93d3cudzMub3JnLzIwMDAvc3ZnIj4KICAgIDxwYXRoIGQ9Ik0yMiAxNS45OTd2LS4wMDNjMC0uNDA0LS4xNzYtLjc2OC0uNDYtMS4wMjhoLjAwMmwtOS04LjU3Mi0uMDA0LjAwNEMxMi4yNjggNi4xNSAxMS45MDIgNiAxMS41IDZjLS44MyAwLTEuNS42NC0xLjUgMS40MyAwIC40MzIuMjAzLjgyLjUyMyAxLjA4Mmw3Ljg2IDcuNDg1LTcuOTYzIDcuNTgzYy0uMjYuMjU3LS40Mi42MDYtLjQyLjk5IDAgLjc5LjY3IDEuNDMgMS41IDEuNDMuNDA0IDAgLjc3LS4xNTMgMS4wNC0uNGw5LjAwMi04LjU3di0uMDAyYy4yODItLjI2LjQ1OC0uNjI0LjQ1OC0xLjAyOHYtLjAwM3oiCiAgICAgICAgICBmaWxsPSIjMGI3M2E4IiBvcGFjaXR5PSIxIiBmaWxsLXJ1bGU9ImV2ZW5vZGQiLz4KPC9zdmc+\" alt=\"next arrow\"><img loading=\"lazy\" decoding=\"async\" width=\"32\" height=\"32\" class=\"n2-arrow-hover-img skip-lazy\" data-skip-lazy=\"1\" src=\"data:image\/svg+xml;base64,PHN2ZyB3aWR0aD0iMzIiIGhlaWdodD0iMzIiIHZpZXdCb3g9IjAgMCAzMiAzMiIgeG1sbnM9Imh0dHA6Ly93d3cudzMub3JnLzIwMDAvc3ZnIj4KICAgIDxwYXRoIGQ9Ik0yMiAxNS45OTd2LS4wMDNjMC0uNDA0LS4xNzYtLjc2OC0uNDYtMS4wMjhoLjAwMmwtOS04LjU3Mi0uMDA0LjAwNEMxMi4yNjggNi4xNSAxMS45MDIgNiAxMS41IDZjLS44MyAwLTEuNS42NC0xLjUgMS40MyAwIC40MzIuMjAzLjgyLjUyMyAxLjA4Mmw3Ljg2IDcuNDg1LTcuOTYzIDcuNTgzYy0uMjYuMjU3LS40Mi42MDYtLjQyLjk5IDAgLjc5LjY3IDEuNDMgMS41IDEuNDMuNDA0IDAgLjc3LS4xNTMgMS4wNC0uNGw5LjAwMi04LjU3di0uMDAyYy4yODItLjI2LjQ1OC0uNjI0LjQ1OC0xLjAyOHYtLjAwM3oiCiAgICAgICAgICBmaWxsPSIjZmZmZmZmIiBvcGFjaXR5PSIxIiBmaWxsLXJ1bGU9ImV2ZW5vZGQiLz4KPC9zdmc+\" alt=\"next arrow\"><\/div><\/div><div class=\"n2-ss-slider-controls n2-ss-slider-controls-absolute-center-bottom\"><div style=\"--widget-offset:10px;\" class=\"n2-ss-widget n2-ss-control-bullet n2-ow-all n2-ss-control-bullet-horizontal\"><div class=\"n2-style-540018aaa523dc91fd73a2d36259dba5-simple  nextend-bullet-bar n2-bar-justify-content-center\" role=\"group\" aria-label=\"Selecciona el slide para mostrar.\"><div class=\"n2-bullet n2-style-13db8e01048e160765b65c9fb1f05ec6-dot \" style=\"visibility:hidden;\"><\/div><\/div><\/div><\/div><\/div><\/div><ss3-loader><\/ss3-loader><\/div><\/div><div class=\"n2_clear\"><\/div><\/div>\n\n\n<div class=\"wp-block-cover is-light nuestra-fundacion-fondo-mision\" style=\"min-height:242px;aspect-ratio:unset;\"><span aria-hidden=\"true\" class=\"wp-block-cover__background has-white-background-color has-background-dim-0 has-background-dim\"><\/span><div class=\"wp-block-cover__inner-container is-layout-flow wp-block-cover-is-layout-flow\">\n<section id=\"mision-vision\" class=\"historia\">\n    <h4 class=\"subtitulo\">Un Legado de Esperanza<\/h4> <!-- Colocado fuera de las columnas -->\n\n    <div class=\"contenedor\">\n        <div class=\"columna izquierda\">\n            <h2 class=\"titulo\">Nuestra Misi\u00f3n<\/h2>\n            <p class=\"descripcion\">\n                Apoyamos a pacientes con insuficiencia renal y a sus familias, brind\u00e1ndoles esperanza y un acompa\u00f1amiento integral en cada paso del proceso. Queremos ser esa mano amiga que transforma el desaf\u00edo de la enfermedad en una experiencia m\u00e1s llevadera.\n            <\/p>\n        <\/div>\n        <div class=\"columna derecha\">\n            <h2 class=\"titulo\">Nuestra Visi\u00f3n<\/h2>\n            <p class=\"descripcion\">\n                En 2030, seremos l\u00edderes en Colombia en la concientizaci\u00f3n sobre la salud renal. Con la ayuda de expertos en salud, queremos empoderar a cada persona que pase por nuestra fundaci\u00f3n, d\u00e1ndoles herramientas para prevenir o mejorar su condici\u00f3n, y logrando un impacto real en la calidad de vida de los afectados.\n            <\/p>\n        <\/div>\n    <\/div>\n<div class=\"botonMision\">\u00bfQu\u00e9 hacemos?<\/div>\n\n<\/section>\n<\/div><\/div>\n\n\n\n<div class=\"wp-block-cover is-light\" style=\"min-height:242px;aspect-ratio:unset;\"><img loading=\"lazy\" decoding=\"async\" width=\"2206\" height=\"640\" class=\"wp-block-cover__image-background wp-image-288\" alt=\"\" src=\"https:\/\/fundacionlazosdefe.org\/wp-content\/uploads\/2024\/07\/Recurso-15.png\" data-object-fit=\"cover\" srcset=\"https:\/\/fundacionlazosdefe.org\/wp-content\/uploads\/2024\/07\/Recurso-15.png 2206w, https:\/\/fundacionlazosdefe.org\/wp-content\/uploads\/2024\/07\/Recurso-15-300x87.png 300w, https:\/\/fundacionlazosdefe.org\/wp-content\/uploads\/2024\/07\/Recurso-15-1024x297.png 1024w, https:\/\/fundacionlazosdefe.org\/wp-content\/uploads\/2024\/07\/Recurso-15-768x223.png 768w, https:\/\/fundacionlazosdefe.org\/wp-content\/uploads\/2024\/07\/Recurso-15-1536x446.png 1536w, https:\/\/fundacionlazosdefe.org\/wp-content\/uploads\/2024\/07\/Recurso-15-2048x594.png 2048w\" sizes=\"auto, (max-width: 2206px) 100vw, 2206px\" \/><span aria-hidden=\"true\" class=\"wp-block-cover__background has-white-background-color has-background-dim-100 has-background-dim\"><\/span><div class=\"wp-block-cover__inner-container is-layout-flow wp-block-cover-is-layout-flow\">\n<!-- Contenedor principal de la l\u00ednea de tiempo -->\n<div id=\"que-hacemos\" class=\"timeline\">\n    \n    <!-- Primer evento -->\n    <div class=\"timeline-item\">\n        <!-- \u00cdcono de verificaci\u00f3n dentro de un c\u00edrculo -->\n        <div class=\"timeline-icon\">\u2714<\/div>\n        <div class=\"timeline-content\">\n            <!-- T\u00edtulo del evento -->\n            <h3>Prevenci\u00f3n y educaci\u00f3n<\/h3>\n            <!-- Descripci\u00f3n del evento -->\n            <p>Organizamos campa\u00f1as que ense\u00f1an c\u00f3mo evitar la insuficiencia renal.<\/p>\n        <\/div>\n    <\/div>\n\n    <!-- Segundo evento -->\n    <div class=\"timeline-item\">\n        <div class=\"timeline-icon\">\u2714<\/div>\n        <div class=\"timeline-content\">\n            <h3>Capacitaci\u00f3n<\/h3>\n            <p>Ofrecemos talleres para pacientes y familias, ayud\u00e1ndolos a gestionar la enfermedad de manera efectiva.<\/p>\n        <\/div>\n    <\/div>\n\n    <!-- Tercer evento -->\n    <div class=\"timeline-item\">\n        <div class=\"timeline-icon\">\u2714<\/div>\n        <div class=\"timeline-content\">\n            <h3>Innovaci\u00f3n<\/h3>\n            <p>Apoyamos nuevas tecnolog\u00edas que mejoren el tratamiento de la enfermedad renal.<\/p>\n        <\/div>\n    <\/div>\n\n    <!-- Cuarto evento -->\n    <div class=\"timeline-item\">\n        <div class=\"timeline-icon\">\u2714<\/div>\n        <div class=\"timeline-content\">\n            <h3>Terapias alternativas<\/h3>\n            <p>Brindamos terapias que ayudan a mejorar el estado emocional y f\u00edsico de nuestros pacientes.<\/p>\n        <\/div>\n    <\/div>\n\n    <!-- Quinto evento -->\n    <div class=\"timeline-item\">\n        <div class=\"timeline-icon\">\u2714<\/div>\n        <div class=\"timeline-content\">\n            <h3>Actividades recreativas<\/h3>\n            <p>Creemos que el bienestar incluye momentos de alegr\u00eda. Organizamos eventos l\u00fadicos que unen a los pacientes y sus familias.<\/p>\n        <\/div>\n    <\/div>\n\n    <!-- Sexto evento -->\n    <div class=\"timeline-item\">\n        <div class=\"timeline-icon\">\u2714<\/div>\n        <div class=\"timeline-content\">\n            <h3>Asesor\u00edas legales<\/h3>\n            <p>Defendemos los derechos de los pacientes cuando son vulnerados.<\/p>\n        <\/div>\n    <\/div>\n\n    <!-- Septimo evento -->\n    <div class=\"timeline-item\">\n        <div class=\"timeline-icon\">\u2714<\/div>\n        <div class=\"timeline-content\">\n            <h3>Apoyo log\u00edstico<\/h3>\n            <p>En situaciones de crisis, estamos ah\u00ed para brindar apoyo log\u00edstico tanto a los pacientes como a sus familias.<\/p>\n        <\/div>\n    <\/div>\n\n<\/div>\n<\/div><\/div>\n\n\n\n<div class=\"wp-block-group\"><div class=\"wp-block-group__inner-container is-layout-constrained wp-block-group-is-layout-constrained\">\n<div class=\"wp-block-cover is-light nuestra-fundacion-fondo-miembros\" style=\"min-height:274px;aspect-ratio:unset;\"><span aria-hidden=\"true\" class=\"wp-block-cover__background has-background-dim-0 has-background-dim\"><\/span><div class=\"wp-block-cover__inner-container is-layout-constrained wp-block-cover-is-layout-constrained\">\n<p class=\"has-white-color has-text-color has-link-color wp-elements-68e1ef46342630175a0a58f82072f9e9\"><strong> <\/strong> <\/p>\n\n\n\n<p class=\"has-text-align-center has-white-color has-text-color has-link-color wp-elements-e4c3f19af97ca45a3833a163f118fcd9\" style=\"font-size:40px\"><strong>Lo que nos hace \u00fanicos<\/strong><\/p>\n\n\n\n<p class=\"has-text-align-center nuestra-fundacion-explicacion-miembros has-white-color has-text-color has-link-color wp-elements-3a0ed12d231f748a6ab0e3d9497e4d81\" style=\"font-size:20px\">Aunque no somos una entidad de salud, somos tu gu\u00eda en el camino. Nuestras actividades, son informales, pero estan llenas de valor. Nos enfocamos en lo que realmente importa: el bienestar emocional y f\u00edsico de nuestros pacientes.<\/p>\n\n\n\n<section id=\"miembros\" class=\"aprender-miembros-seccion\">\n    <div class=\"aprender-miembros-container\">\n\n<div class=\"aprender-miembro\">\n            <div class=\"aprender-miembro-fondo\" style=\"background-image: url('https:\/\/fundacionlazosdefe.org\/wp-content\/uploads\/2025\/04\/Jefe.jpg');\">\n                <div class=\"aprender-miembro-avatar\" style=\"background-image: url('https:\/\/fundacionlazosdefe.org\/wp-content\/uploads\/2025\/03\/Sandra-Cifuentes-e1743391321536.png');\"><\/div>\n            <\/div>\n            <h3>Sandra Patricia Cifuentes<\/h3>\n            <p>Lider de transformaci\u00f3n<\/p>\n        <\/div>\n\n<div class=\"aprender-miembro\">\n            <div class=\"aprender-miembro-fondo\" style=\"background-image: url('https:\/\/fundacionlazosdefe.org\/wp-content\/uploads\/2025\/04\/Lider.jpg');\">\n                <div class=\"aprender-miembro-avatar\" style=\"background-image: url('https:\/\/fundacionlazosdefe.org\/wp-content\/uploads\/2025\/03\/Camilo-Gallego-e1743391471799.png');\"><\/div>\n            <\/div>\n            <h3>Camilo Ernesto Gallego<\/h3>\n            <p>Guia de visi\u00f3n y proposito<\/p>\n        <\/div>\n\n<div class=\"aprender-miembro\">\n            <div class=\"aprender-miembro-fondo\" style=\"background-image: url('https:\/\/fundacionlazosdefe.org\/wp-content\/uploads\/2025\/04\/Desarrollo.jpg');\">\n                <div class=\"aprender-miembro-avatar\" style=\"background-image: url('https:\/\/fundacionlazosdefe.org\/wp-content\/uploads\/2024\/12\/Juan-Andres-e1744684122117.jpg');\"><\/div>\n            <\/div>\n            <h3>Juan Andres Baldion<\/h3>\n            <p>Arquitecto de impacto digital<\/p>\n        <\/div>\n\n<div class=\"aprender-miembro\">\n            <div class=\"aprender-miembro-fondo\" style=\"background-image: url('https:\/\/fundacionlazosdefe.org\/wp-content\/uploads\/2025\/04\/Programador.jpg');\">\n                <div class=\"aprender-miembro-avatar\" style=\"background-image: url('https:\/\/fundacionlazosdefe.org\/wp-content\/uploads\/2025\/04\/Juan-Sebastian-Calvo.png');\"><\/div>\n            <\/div>\n            <h3>Juan Sebastian Calvo<\/h3>\n            <p>Constructor de ecosistemas digitales<\/p>\n        <\/div>\n\n<div class=\"aprender-miembro\">\n            <div class=\"aprender-miembro-fondo\" style=\"background-image: url('https:\/\/fundacionlazosdefe.org\/wp-content\/uploads\/2025\/04\/Disenador.jpg');\">\n                <div class=\"aprender-miembro-avatar\" style=\"background-image: url('https:\/\/fundacionlazosdefe.org\/wp-content\/uploads\/2024\/12\/Geraldine-scaled-e1744684202815.jpg');\"><\/div>\n            <\/div>\n            <h3>Geraldine Lopez<\/h3>\n            <p>Dise\u00f1adora de experiencias<\/p>\n        <\/div>\n\n<div class=\"aprender-miembro\">\n            <div class=\"aprender-miembro-fondo\" style=\"background-image: url('https:\/\/fundacionlazosdefe.org\/wp-content\/uploads\/2025\/04\/Finanzas.jpg');\">\n                <div class=\"aprender-miembro-avatar\" style=\"background-image: url('https:\/\/fundacionlazosdefe.org\/wp-content\/uploads\/2024\/12\/Lilian-Contadora.jpg');\"><\/div>\n            <\/div>\n            <h3>Lilian Consuelo Grimaldo<\/h3>\n            <p>Custodia de recursos solidarios<\/p>\n        <\/div>\n\n<div class=\"aprender-miembro\">\n            <div class=\"aprender-miembro-fondo\" style=\"background-image: url('https:\/\/fundacionlazosdefe.org\/wp-content\/uploads\/2025\/04\/Abogado.jpg');\">\n                <div class=\"aprender-miembro-avatar\" style=\"background-image: url('https:\/\/fundacionlazosdefe.org\/wp-content\/uploads\/2025\/04\/Julio-Emirio-Fuentes-e1744683872675.jpg');\"><\/div>\n            <\/div>\n            <h3>Julio Emiro Fuentes<\/h3>\n            <p>Guardia de la justicia social<\/p>\n        <\/div>\n\n<div class=\"aprender-miembro\">\n            <div class=\"aprender-miembro-fondo\" style=\"background-image: url('https:\/\/fundacionlazosdefe.org\/wp-content\/uploads\/2025\/04\/Apoyo-social.jpg');\">\n                <div class=\"aprender-miembro-avatar\" style=\"background-image: url('https:\/\/fundacionlazosdefe.org\/wp-content\/uploads\/2025\/04\/Oswaldo-Bermudez-e1745796968835.jpg');\"><\/div>\n            <\/div>\n            <h3>Oswaldo Bermudez Torres<\/h3>\n            <p>Profesional de Apoyo Social<\/p>\n        <\/div>\n\n    <\/div>\n<\/section>\n<\/div><\/div>\n<\/div><\/div>\n","protected":false},"excerpt":{"rendered":"","protected":false},"author":1,"featured_media":0,"parent":0,"menu_order":0,"comment_status":"closed","ping_status":"closed","template":"","meta":{"give_campaign_id":0,"footnotes":""},"class_list":["post-129","page","type-page","status-publish","hentry","no-thumb"],"campaignId":"","_links":{"self":[{"href":"https:\/\/fundacionlazosdefe.org\/inicio\/wp-json\/wp\/v2\/pages\/129","targetHints":{"allow":["GET"]}}],"collection":[{"href":"https:\/\/fundacionlazosdefe.org\/inicio\/wp-json\/wp\/v2\/pages"}],"about":[{"href":"https:\/\/fundacionlazosdefe.org\/inicio\/wp-json\/wp\/v2\/types\/page"}],"author":[{"embeddable":true,"href":"https:\/\/fundacionlazosdefe.org\/inicio\/wp-json\/wp\/v2\/users\/1"}],"replies":[{"embeddable":true,"href":"https:\/\/fundacionlazosdefe.org\/inicio\/wp-json\/wp\/v2\/comments?post=129"}],"version-history":[{"count":59,"href":"https:\/\/fundacionlazosdefe.org\/inicio\/wp-json\/wp\/v2\/pages\/129\/revisions"}],"predecessor-version":[{"id":1325,"href":"https:\/\/fundacionlazosdefe.org\/inicio\/wp-json\/wp\/v2\/pages\/129\/revisions\/1325"}],"wp:attachment":[{"href":"https:\/\/fundacionlazosdefe.org\/inicio\/wp-json\/wp\/v2\/media?parent=129"}],"curies":[{"name":"wp","href":"https:\/\/api.w.org\/{rel}","templated":true}]}}