{"id":1102,"date":"2025-04-14T22:59:15","date_gmt":"2025-04-15T03:59:15","guid":{"rendered":"https:\/\/fundacionlazosdefe.org\/?page_id=1102"},"modified":"2025-05-17T21:03:40","modified_gmt":"2025-05-18T02:03:40","slug":"noticias","status":"publish","type":"page","link":"https:\/\/fundacionlazosdefe.org\/inicio\/noticias\/","title":{"rendered":"Noticias"},"content":{"rendered":"<div class=\"n2-section-smartslider fitvidsignore  n2_clear\" data-ssid=\"10\" tabindex=\"0\" role=\"region\" aria-label=\"Slider\"><div id=\"n2-ss-10-align\" class=\"n2-ss-align\"><div class=\"n2-padding\"><div id=\"n2-ss-10\" data-creator=\"Smart Slider 3\" data-responsive=\"auto\" class=\"n2-ss-slider n2-ow n2-has-hover n2notransition  \">\n\n\n\n\n\n\n\n\n\n<div class=\"n2-ss-slider-wrapper-inside\">\n        <div class=\"n2-ss-slider-1 n2_ss__touch_element n2-ow\">\n            <div class=\"n2-ss-slider-2 n2-ow\">\n                                                    <div class=\"n2-ss-background-animation n2-ow\"><\/div>\n                                <div class=\"n2-ss-slider-3 n2-ow\">\n\n                    <div class=\"n2-ss-slide-backgrounds n2-ow-all\"><div class=\"n2-ss-slide-background\" data-public-id=\"1\" data-mode=\"fill\"><div class=\"n2-ss-slide-background-image\" data-blur=\"0\" data-opacity=\"100\" data-x=\"51\" data-y=\"28\" data-alt=\"\" data-title=\"\" style=\"--ss-o-pos-x:51%;--ss-o-pos-y:28%\"><picture class=\"skip-lazy\" data-skip-lazy=\"1\"><img decoding=\"async\" src=\"\/\/fundacionlazosdefe.org\/wp-content\/uploads\/2025\/04\/FACYCRecurso-59.png\" alt=\"\" title=\"\" loading=\"lazy\" class=\"skip-lazy\" data-skip-lazy=\"1\"><\/picture><\/div><div data-color=\"RGBA(255,255,255,0)\" style=\"background-color: RGBA(255,255,255,0);\" class=\"n2-ss-slide-background-color\"><\/div><\/div><div class=\"n2-ss-slide-background\" data-public-id=\"2\" data-mode=\"fill\" aria-hidden=\"true\"><div class=\"n2-ss-slide-background-image\" data-blur=\"0\" data-opacity=\"100\" data-x=\"50\" data-y=\"50\" data-alt=\"\" data-title=\"\"><picture class=\"skip-lazy\" data-skip-lazy=\"1\"><img decoding=\"async\" src=\"\/\/fundacionlazosdefe.org\/wp-content\/uploads\/2025\/04\/FACYCRecurso-61.png\" alt=\"\" title=\"\" loading=\"lazy\" class=\"skip-lazy\" data-skip-lazy=\"1\"><\/picture><\/div><div data-color=\"RGBA(255,255,255,0)\" style=\"background-color: RGBA(255,255,255,0);\" class=\"n2-ss-slide-background-color\"><\/div><\/div><\/div>                    <div class=\"n2-ss-slider-4 n2-ow\">\n                        <svg xmlns=\"http:\/\/www.w3.org\/2000\/svg\" viewBox=\"0 0 1200 600\" data-related-device=\"desktopPortrait\" class=\"n2-ow n2-ss-preserve-size n2-ss-preserve-size--slider n2-ss-slide-limiter\"><\/svg><div data-first=\"1\" data-slide-duration=\"0\" data-id=\"21\" data-slide-public-id=\"1\" data-title=\"Slide 1\" class=\"n2-ss-slide n2-ow  n2-ss-slide-21\"><div role=\"note\" class=\"n2-ss-slide--focus\" tabindex=\"-1\">Slide 1<\/div><div class=\"n2-ss-layers-container n2-ss-slide-limiter n2-ow\"><div class=\"n2-ss-layer n2-ow n-uc-eTcJliapTAro\" data-sstype=\"slide\" data-pm=\"default\"><div class=\"n2-ss-layer n2-ow n-uc-1wDYQ4dkLq5y\" data-pm=\"default\" data-sstype=\"content\" data-hasbackground=\"0\"><div class=\"n2-ss-section-main-content n2-ss-layer-with-background n2-ss-layer-content n2-ow n-uc-1wDYQ4dkLq5y-inner\"><div class=\"n2-ss-layer n2-ow n2-ss-layer--block n2-ss-has-self-align n-uc-qis5m2M4nVmB\" data-pm=\"normal\" data-sstype=\"row\"><div class=\"n2-ss-layer-row n2-ss-layer-with-background n-uc-qis5m2M4nVmB-inner\"><div class=\"n2-ss-layer-row-inner \"><div class=\"n2-ss-layer n2-ow n-uc-IfhMFvZmuP5E\" data-pm=\"default\" data-sstype=\"col\"><div class=\"n2-ss-layer-col n2-ss-layer-with-background n2-ss-layer-content n-uc-IfhMFvZmuP5E-inner\"><div class=\"n2-ss-layer n2-ow n-uc-VFvNw6QOYdVT\" data-pm=\"normal\" data-sstype=\"layer\"><h1 id=\"n2-ss-10item1\" class=\"n2-font-d8e7687f59c240974f6b5506702fd1e1-hover   n2-ss-item-content n2-ss-text n2-ow\" style=\"display:block;\">M\u00e1s que solo una fundaci\u00f3n<\/h1><\/div><div class=\"n2-ss-layer n2-ow n-uc-2e0TjTxo5uUY\" data-pm=\"normal\" data-sstype=\"layer\"><div class=\"n2-ss-item-content n2-ss-text n2-ow-all\"><div class=\"\"><p class=\"n2-font-e643fe0dc4e9f4fbaeef09e29350f07e-paragraph   \">Mantente al tanto de nuestras novedades, conoce historias inspiradoras, eventos especiales y recursos que pueden marcar la diferencia.<\/p>\n<\/div><\/div><\/div><\/div><\/div><\/div><\/div><\/div><\/div><\/div><\/div><\/div><\/div><div data-slide-duration=\"0\" data-id=\"22\" data-slide-public-id=\"2\" aria-hidden=\"true\" data-title=\"RMWRecurso 52\" class=\"n2-ss-slide n2-ow  n2-ss-slide-22\"><div role=\"note\" class=\"n2-ss-slide--focus\" tabindex=\"-1\">RMWRecurso 52<\/div><div class=\"n2-ss-layers-container n2-ss-slide-limiter n2-ow\"><div class=\"n2-ss-layer n2-ow n-uc-vMR74z2CIPDN\" data-sstype=\"slide\" data-pm=\"default\"><div class=\"n2-ss-layer n2-ow n-uc-j0qNyv06p4Ch\" data-pm=\"default\" data-sstype=\"content\" data-hasbackground=\"0\"><div class=\"n2-ss-section-main-content n2-ss-layer-with-background n2-ss-layer-content n2-ow n-uc-j0qNyv06p4Ch-inner\"><div class=\"n2-ss-layer n2-ow n2-ss-layer--block n2-ss-has-self-align n-uc-YljdMR3aXjdw\" data-pm=\"normal\" data-sstype=\"row\"><div class=\"n2-ss-layer-row n2-ss-layer-with-background n-uc-YljdMR3aXjdw-inner\"><div class=\"n2-ss-layer-row-inner \"><div class=\"n2-ss-layer n2-ow n-uc-K6zqysKm15Rj\" data-pm=\"default\" data-sstype=\"col\"><div class=\"n2-ss-layer-col n2-ss-layer-with-background n2-ss-layer-content n-uc-K6zqysKm15Rj-inner\"><div class=\"n2-ss-layer n2-ow n-uc-0iuYdi3WtLpk\" data-pm=\"normal\" data-sstype=\"layer\"><h1 id=\"n2-ss-10item3\" class=\"n2-font-d8e7687f59c240974f6b5506702fd1e1-hover   n2-ss-item-content n2-ss-text n2-ow\" style=\"display:block;\">Lo que pasa, importa<\/h1><\/div><div class=\"n2-ss-layer n2-ow n-uc-rzS9pMILEHAB\" data-pm=\"normal\" data-sstype=\"layer\"><div class=\"n2-ss-item-content n2-ss-text n2-ow-all\"><div class=\"\"><p class=\"n2-font-e643fe0dc4e9f4fbaeef09e29350f07e-paragraph   \">Descubre noticias relevantes sobre salud renal, proyectos en marcha, avances m\u00e9dicos y c\u00f3mo t\u00fa tambi\u00e9n puedes aportar al cambio.<\/p>\n<\/div><\/div><\/div><\/div><\/div><\/div><\/div><\/div><\/div><\/div><\/div><\/div><\/div>                    <\/div>\n\n                                    <\/div>\n            <\/div>\n        <\/div>\n        <div class=\"n2-ss-slider-controls n2-ss-slider-controls-absolute-left-center\"><div style=\"--widget-offset:10px;\" class=\"n2-ss-widget n2-ss-widget-display-hover n2-style-c65dc3560c7973fb135fd2d39eb80ee4-heading nextend-arrow n2-ow-all nextend-arrow-previous  nextend-arrow-animated-fade\" data-hide-mobileportrait=\"1\" id=\"n2-ss-10-arrow-previous\" role=\"button\" aria-label=\"previous arrow\" tabindex=\"0\"><img loading=\"lazy\" decoding=\"async\" width=\"32\" height=\"32\" class=\"n2-arrow-normal-img skip-lazy\" data-skip-lazy=\"1\" src=\"data:image\/svg+xml;base64,PHN2ZyB3aWR0aD0iMzIiIGhlaWdodD0iMzIiIHZpZXdCb3g9IjAgMCAzMiAzMiIgeG1sbnM9Imh0dHA6Ly93d3cudzMub3JnLzIwMDAvc3ZnIj4KICAgIDxwYXRoIGQ9Ik0yMS41OCAyMy41OGwtNy45NjItNy41ODMgNy44Ni03LjQ4NWMuMzItLjI2Mi41MjItLjY1LjUyMi0xLjA4M0MyMiA2LjY0IDIxLjMyOCA2IDIwLjUgNmMtLjQwMyAwLS43NjguMTUtMS4wMzguMzk4bC0uMDA0LS4wMDQtOSA4LjU3di4wMDJjLS4yODIuMjYtLjQ1OC42MjQtLjQ1OCAxLjAyOFYxNmMwIC40MDQuMTc2Ljc3LjQ2IDEuMDNoLS4wMDJsOSA4LjU3Yy4yNy4yNDcuNjM4LjQgMS4wNDIuNC44MyAwIDEuNS0uNjQgMS41LTEuNDMgMC0uMzg0LS4xNi0uNzMzLS40Mi0uOTl6IgogICAgICAgICAgZmlsbD0iIzBiNzNhOCIgb3BhY2l0eT0iMSIgZmlsbC1ydWxlPSJldmVub2RkIi8+Cjwvc3ZnPg==\" alt=\"previous arrow\"><img loading=\"lazy\" decoding=\"async\" width=\"32\" height=\"32\" class=\"n2-arrow-hover-img skip-lazy\" data-skip-lazy=\"1\" src=\"data:image\/svg+xml;base64,PHN2ZyB3aWR0aD0iMzIiIGhlaWdodD0iMzIiIHZpZXdCb3g9IjAgMCAzMiAzMiIgeG1sbnM9Imh0dHA6Ly93d3cudzMub3JnLzIwMDAvc3ZnIj4KICAgIDxwYXRoIGQ9Ik0yMS41OCAyMy41OGwtNy45NjItNy41ODMgNy44Ni03LjQ4NWMuMzItLjI2Mi41MjItLjY1LjUyMi0xLjA4M0MyMiA2LjY0IDIxLjMyOCA2IDIwLjUgNmMtLjQwMyAwLS43NjguMTUtMS4wMzguMzk4bC0uMDA0LS4wMDQtOSA4LjU3di4wMDJjLS4yODIuMjYtLjQ1OC42MjQtLjQ1OCAxLjAyOFYxNmMwIC40MDQuMTc2Ljc3LjQ2IDEuMDNoLS4wMDJsOSA4LjU3Yy4yNy4yNDcuNjM4LjQgMS4wNDIuNC44MyAwIDEuNS0uNjQgMS41LTEuNDMgMC0uMzg0LS4xNi0uNzMzLS40Mi0uOTl6IgogICAgICAgICAgZmlsbD0iI2ZmZmZmZiIgb3BhY2l0eT0iMSIgZmlsbC1ydWxlPSJldmVub2RkIi8+Cjwvc3ZnPg==\" alt=\"previous arrow\"><\/div><\/div><div class=\"n2-ss-slider-controls n2-ss-slider-controls-absolute-right-center\"><div style=\"--widget-offset:10px;\" class=\"n2-ss-widget n2-ss-widget-display-hover n2-style-c65dc3560c7973fb135fd2d39eb80ee4-heading nextend-arrow n2-ow-all nextend-arrow-next  nextend-arrow-animated-fade\" data-hide-mobileportrait=\"1\" id=\"n2-ss-10-arrow-next\" role=\"button\" aria-label=\"next arrow\" tabindex=\"0\"><img loading=\"lazy\" decoding=\"async\" width=\"32\" height=\"32\" class=\"n2-arrow-normal-img skip-lazy\" data-skip-lazy=\"1\" src=\"data:image\/svg+xml;base64,PHN2ZyB3aWR0aD0iMzIiIGhlaWdodD0iMzIiIHZpZXdCb3g9IjAgMCAzMiAzMiIgeG1sbnM9Imh0dHA6Ly93d3cudzMub3JnLzIwMDAvc3ZnIj4KICAgIDxwYXRoIGQ9Ik0yMiAxNS45OTd2LS4wMDNjMC0uNDA0LS4xNzYtLjc2OC0uNDYtMS4wMjhoLjAwMmwtOS04LjU3Mi0uMDA0LjAwNEMxMi4yNjggNi4xNSAxMS45MDIgNiAxMS41IDZjLS44MyAwLTEuNS42NC0xLjUgMS40MyAwIC40MzIuMjAzLjgyLjUyMyAxLjA4Mmw3Ljg2IDcuNDg1LTcuOTYzIDcuNTgzYy0uMjYuMjU3LS40Mi42MDYtLjQyLjk5IDAgLjc5LjY3IDEuNDMgMS41IDEuNDMuNDA0IDAgLjc3LS4xNTMgMS4wNC0uNGw5LjAwMi04LjU3di0uMDAyYy4yODItLjI2LjQ1OC0uNjI0LjQ1OC0xLjAyOHYtLjAwM3oiCiAgICAgICAgICBmaWxsPSIjMGI3M2E4IiBvcGFjaXR5PSIxIiBmaWxsLXJ1bGU9ImV2ZW5vZGQiLz4KPC9zdmc+\" alt=\"next arrow\"><img loading=\"lazy\" decoding=\"async\" width=\"32\" height=\"32\" class=\"n2-arrow-hover-img skip-lazy\" data-skip-lazy=\"1\" src=\"data:image\/svg+xml;base64,PHN2ZyB3aWR0aD0iMzIiIGhlaWdodD0iMzIiIHZpZXdCb3g9IjAgMCAzMiAzMiIgeG1sbnM9Imh0dHA6Ly93d3cudzMub3JnLzIwMDAvc3ZnIj4KICAgIDxwYXRoIGQ9Ik0yMiAxNS45OTd2LS4wMDNjMC0uNDA0LS4xNzYtLjc2OC0uNDYtMS4wMjhoLjAwMmwtOS04LjU3Mi0uMDA0LjAwNEMxMi4yNjggNi4xNSAxMS45MDIgNiAxMS41IDZjLS44MyAwLTEuNS42NC0xLjUgMS40MyAwIC40MzIuMjAzLjgyLjUyMyAxLjA4Mmw3Ljg2IDcuNDg1LTcuOTYzIDcuNTgzYy0uMjYuMjU3LS40Mi42MDYtLjQyLjk5IDAgLjc5LjY3IDEuNDMgMS41IDEuNDMuNDA0IDAgLjc3LS4xNTMgMS4wNC0uNGw5LjAwMi04LjU3di0uMDAyYy4yODItLjI2LjQ1OC0uNjI0LjQ1OC0xLjAyOHYtLjAwM3oiCiAgICAgICAgICBmaWxsPSIjZmZmZmZmIiBvcGFjaXR5PSIxIiBmaWxsLXJ1bGU9ImV2ZW5vZGQiLz4KPC9zdmc+\" alt=\"next arrow\"><\/div><\/div><div class=\"n2-ss-slider-controls n2-ss-slider-controls-absolute-center-bottom\"><div style=\"--widget-offset:10px;\" class=\"n2-ss-widget n2-ss-control-bullet n2-ow-all n2-ss-control-bullet-horizontal\"><div class=\"n2-style-540018aaa523dc91fd73a2d36259dba5-simple  nextend-bullet-bar n2-bar-justify-content-center\" role=\"group\" aria-label=\"Selecciona el slide para mostrar.\"><div class=\"n2-bullet n2-style-13db8e01048e160765b65c9fb1f05ec6-dot \" style=\"visibility:hidden;\"><\/div><\/div><\/div><\/div><\/div><\/div><ss3-loader><\/ss3-loader><\/div><\/div><div class=\"n2_clear\"><\/div><\/div>\n\n\n<section class=\"noticias-seccion\">\n  <div class=\"noticias-contenedor\">\n    <!-- Encabezado -->\n    <div class=\"noticias-encabezado\">\n      <h2 id=\"ultimas-noticias\" class=\"noticias-titulo-principal\">\u00daltimas Noticias<\/h2>\n      <p class=\"noticias-subtitulo\">Mantente informado con nuestras actualizaciones y consejos sobre salud renal.<\/p>\n    <\/div>\n\n    <!-- Fila de 3 noticias -->\n    <div class=\"noticias-grid\">\n      <!-- Noticia 1 -->\n      <article class=\"noticias-articulo\">\n        <div class=\"noticias-articulo-imagen\" style=\"background-image: url('https:\/\/imagenes.eltiempo.com\/files\/image_600_455\/files\/fp\/uploads\/2020\/01\/28\/5e30511ae52f6.r_d.2379-1656.jpeg')\"><\/div>\n        <div class=\"noticias-articulo-contenido\">\n          <div class=\"noticias-articulo-meta\">\n            <span class=\"noticias-fecha\">Diciembre 18, 2024<\/span>\n            <span class=\"noticias-categoria\">Historias<\/span>\n          <\/div>\n          <h3 class=\"noticias-articulo-titulo\">Mujer recibi\u00f3 un trasplante de ri\u00f1\u00f3n de cerdo<\/h3>\n          <p class=\"noticias-articulo-resumen\">Paciente recibe xenotrasplante que elimina necesidad de di\u00e1lisis tras ocho a\u00f1os de espera.<\/p>\n          <div class=\"noticias-autor\">\n            <span class=\"noticias-autor-nombre\">Maria Salas Valencia<\/span>\n          <\/div>\n          <a href=\"https:\/\/www.eltiempo.com\/cultura\/gente\/mujer-recibio-un-trasplante-de-rinon-de-cerdo-modificado-geneticamente-en-estados-unidos-3410437?fbclid=IwZXh0bgNhZW0CMTEAAR2n6AXUXZ3GhwP-dVUz3r-heGWXggJa46MJwhkpQj7HyNxE-5HOEi3L55A_aem_tQVN6rQTx9ORz0jxo6ZKBw\" class=\"noticias-enlace\" target=\"_blank\" rel=\"noopener\">Leer m\u00e1s<\/a>\n        <\/div>\n      <\/article>\n\n      <!-- Noticia 2 -->\n      <article class=\"noticias-articulo noticias-podcast\">\n  <div class=\"noticias-articulo-imagen\" style=\"background-image: url('https:\/\/i.scdn.co\/image\/ab67656300005f1fb51520479110f4af39fb1e6c')\">\n    <div class=\"noticias-podcast-overlay\">\n      <iframe src=\"https:\/\/open.spotify.com\/embed\/episode\/6UPgkRewAumomskRCBlA2x?utm_source=generator&#038;theme=0\" \n              width=\"100%\" \n              height=\"80\" \n              frameborder=\"0\" \n              allowfullscreen=\"\" \n              allow=\"autoplay; clipboard-write; encrypted-media; fullscreen; picture-in-picture\"\n              loading=\"lazy\">\n      <\/iframe>\n    <\/div>\n  <\/div>\n  <div class=\"noticias-articulo-contenido\">\n          <div class=\"noticias-articulo-meta\">\n            <span class=\"noticias-fecha\">Septiembre 16, 2024<\/span>\n            <span class=\"noticias-categoria\">Esperanza<\/span>\n          <\/div>\n          <h3 class=\"noticias-articulo-titulo\">Recetas para el alma<\/h3>\n          <p class=\"noticias-articulo-resumen\">La mayor parte de nuestras inseguridades y de nuestras desesperanzas no son reales, son aprendidas.<\/p>\n          <div class=\"noticias-autor\">\n            <span class=\"noticias-autor-nombre\">Mario Alonso Puig<\/span>\n          <\/div>\n          <a href=\"https:\/\/open.spotify.com\/episode\/6UPgkRewAumomskRCBlA2x?si=pRwtvhkGS6eLWIVhPTQqeg&#038;nd=1&#038;dlsi=a95535c5873b48c1\" class=\"noticias-enlace\" target=\"_blank\" rel=\"noopener\">Leer m\u00e1s<\/a>\n        <\/div>\n<\/article>\n\n      <!-- Noticia 3 -->\n      <article class=\"noticias-articulo\">\n        <div class=\"noticias-articulo-imagen\" style=\"background-image: url('https:\/\/fundacionlazosdefe.org\/wp-content\/uploads\/2025\/05\/Captura-de-pantalla-2025-05-17-201549.png')\"><\/div>\n        <div class=\"noticias-articulo-contenido\">\n          <div class=\"noticias-articulo-meta\">\n            <span class=\"noticias-fecha\">Abril 27, 2025<\/span>\n            <span class=\"noticias-categoria\">Ayuda<\/span>\n          <\/div>\n          <h3 class=\"noticias-articulo-titulo\">Hermana Mar\u00eda In\u00e9s Delgado alza su voz por la crisis de medicamentos en Colombia<\/h3>\n          <p class=\"noticias-articulo-resumen\">La hermana Mar\u00eda In\u00e9s Delgado, representante de pacientes trasplantados y fundadora de una organizaci\u00f3n de apoyo renal y hep\u00e1tico, denuncia ante el Congreso la grave crisis de medicamentos y la falta de compromiso estatal que afecta a miles de colombianos.<\/p>\n          <div class=\"noticias-autor\">\n            <span class=\"noticias-autor-nombre\">Noticias RCN<\/span>\n          <\/div>\n          <a href=\"http:\/\/noticiasrcn.com\/salud-y-bienestar\/la-carta-de-la-hermana-maria-ines-delgado-dirigida-a-petro-con-reparos-a-la-reforma-a-la-salud-446807\" class=\"noticias-enlace\" target=\"_blank\" rel=\"noopener\">Leer m\u00e1s<\/a>\n        <\/div>\n      <\/article>\n    <\/div>\n\n<!-- Secci\u00f3n de Recursos -->\n<div class=\"noticias-recursos-titulo-container\">\n  <h2 id=\"recursos-ayuda\" class=\"noticias-recursos-titulo\">Recursos de Ayuda<\/h2>\n  <div class=\"noticias-recursos-subrayado\"><\/div>\n<\/div>\n\n<!-- Recursos - Lugares de Atenci\u00f3n -->\n<div class=\"noticias-recurso-seccion\">\n  <h3 class=\"noticias-recurso-subtitulo\">\ud83d\udccd Lugares de Atenci\u00f3n<\/h3>\n  \n  <div class=\"noticias-recurso-contenido\">\n    <div class=\"noticias-recurso-mapa\">\n      <iframe src=\"https:\/\/www.google.com\/maps\/embed?pb=!1m14!1m8!1m3!1d1673.7129822411268!2d-74.93420666845844!3d3.8567392329459445!3m2!1i1024!2i768!4f13.1!3m3!1m2!1s0x8e3eb49ca9fad963%3A0x8a894138eaf8b13a!2sNuevo%20Hospital%20La%20Candelaria!5e0!3m2!1ses-419!2sco!4v1744828233099!5m2!1ses-419!2sco\" width=\"600\" height=\"450\" style=\"border:0;\" allowfullscreen=\"\" loading=\"lazy\" referrerpolicy=\"no-referrer-when-downgrade\"><\/iframe>\n    <\/div>\n    <div class=\"noticias-recurso-info\">\n      <h4 class=\"noticias-recurso-nombre\">Nuevo Hospital La Candelaria<\/h4>\n      <p class=\"noticias-recurso-direccion\">Carrera 9 # 7-55, Purificaci\u00f3n<\/p>\n      <a href=\"tel:573182434216\" class=\"noticias-recurso-telefono\">\ud83d\udcde 318 243 4216<\/a>\n      <div class=\"noticias-recurso-extra\">\n        <a href=\"https:\/\/www.nhcese.gov.co\/\" target=\"_blank\" class=\"noticias-recurso-web\" rel=\"noopener\">\ud83c\udf10 Sitio Web<\/a>\n        <a href=\"mailto:nhc.gerencia@nhcese.gov.co\" class=\"noticias-recurso-email\">\u2709\ufe0f nhc.gerencia@nhcese.gov.co<\/a>\n      <\/div>\n    <\/div>\n  <\/div>\n  \n  <div class=\"noticias-recurso-contenido\">\n    <div class=\"noticias-recurso-mapa\">\n      <iframe src=\"https:\/\/www.google.com\/maps\/embed?pb=!1m18!1m12!1m3!1d418.428491096998!2d-74.93434180890652!3d3.856240472673167!2m3!1f0!2f0!3f0!3m2!1i1024!2i768!4f13.1!3m3!1m2!1s0x8e3eb49b61797a71%3A0x55f5e9127b7cdca1!2sPijaos%20Salud%20E.P.S.%20Indigena!5e0!3m2!1ses-419!2sco!4v1744828536688!5m2!1ses-419!2sco\" width=\"600\" height=\"450\" style=\"border:0;\" allowfullscreen=\"\" loading=\"lazy\" referrerpolicy=\"no-referrer-when-downgrade\"><\/iframe>\n    <\/div>\n    <div class=\"noticias-recurso-info\">\n      <h4 class=\"noticias-recurso-nombre\">Pijaos Salud EPS<\/h4>\n      <p class=\"noticias-recurso-direccion\">Carrera 9 # 9-04, Purificaci\u00f3n<\/p>\n      <a href=\"tel:573147604700\" class=\"noticias-recurso-telefono\">\ud83d\udcde 314 760 4700<\/a>\n      <div class=\"noticias-recurso-extra\">\n        <a href=\"https:\/\/www.pijaossalud.com\/\" target=\"_blank\" class=\"noticias-recurso-web\" rel=\"noopener\">\ud83c\udf10 Sitio Web<\/a>\n        <a href=\"mailto:notificaciones.judiciales@pijaossalud.com.co\" class=\"noticias-recurso-email\">\u2709\ufe0f notificaciones.judiciales@pijaossalud.com.co<\/a>\n      <\/div>\n    <\/div>\n  <\/div>\n<\/div>\n\n<!-- Recursos - Farmacias -->\n<div class=\"noticias-recurso-seccion\">\n  <h3 class=\"noticias-recurso-subtitulo\">\ud83d\udc8a Farmacias Especializadas<\/h3>\n  \n  <div class=\"noticias-recurso-contenido\">\n    <div class=\"noticias-recurso-mapa\">\n      <iframe src=\"https:\/\/www.google.com\/maps\/embed?pb=!1m14!1m8!1m3!1d1024.3616426979484!2d-74.93288970646991!3d3.8530593919474234!3m2!1i1024!2i768!4f13.1!3m3!1m2!1s0x8e3eb55fe1918071%3A0x14bcb61cf8924d50!2sDroguer%C3%ADa%20Renacer!5e0!3m2!1ses-419!2sco!4v1744828825412!5m2!1ses-419!2sco\" width=\"600\" height=\"450\" style=\"border:0;\" allowfullscreen=\"\" loading=\"lazy\" referrerpolicy=\"no-referrer-when-downgrade\"><\/iframe>\n    <\/div>\n    <div class=\"noticias-recurso-info\">\n      <h4 class=\"noticias-recurso-nombre\">Droger\u00eda Renacer<\/h4>\n      <p class=\"noticias-recurso-direccion\">Calle 5 # 5-19, Purificaci\u00f3n<\/p>\n      <a href=\"tel:573219129292\" class=\"noticias-recurso-telefono\">\ud83d\udcde 321 912 9292<\/a>\n    <\/div>\n  <\/div>\n  \n  <div class=\"noticias-recurso-contenido\">\n    <div class=\"noticias-recurso-mapa\">\n      <iframe src=\"https:\/\/www.google.com\/maps\/embed?pb=!1m16!1m12!1m3!1d497.0865679684291!2d-74.05845637300318!3d4.648819761927333!2m3!1f0!2f0!3f0!3m2!1i1024!2i768!4f13.1!2m1!1scalle%2065%20%23%205%20-74!5e0!3m2!1ses-419!2sco!4v1745797796145!5m2!1ses-419!2sco\" width=\"600\" height=\"450\" style=\"border:0;\" allowfullscreen=\"\" loading=\"lazy\" referrerpolicy=\"no-referrer-when-downgrade\"><\/iframe>\n    <\/div>\n    <div class=\"noticias-recurso-info\">\n      <h4 class=\"noticias-recurso-nombre\">Hermana Mar\u00eda In\u00e9s Delgado Salguero<\/h4>\n      <p class=\"noticias-recurso-direccion\">Calle 65 # 5-74, Bogot\u00e1<\/p>\n      <a href=\"https:\/\/www.instagram.com\/acehr4\/\" target=\"_blank\" class=\"noticias-recurso-web\" rel=\"noopener\">\ud83c\udf10 Comun\u00edcate con la Fundaci\u00f3n<\/a>\n    <\/div>\n  <\/div>\n<\/div>\n\n<!-- Recursos - Grupos de Apoyo -->\n<div class=\"noticias-recurso-seccion\">\n  <h3 class=\"noticias-recurso-subtitulo\">\ud83e\udd1d Grupos de Apoyo<\/h3>\n  \n  <div class=\"noticias-recurso-contenido\">\n    <div class=\"noticias-recurso-mapa\">\n      <iframe src=\"https:\/\/www.google.com\/maps\/embed?pb=!1m18!1m12!1m3!1d995.19524400304!2d-74.92970345553!3d3.8571230662253693!2m3!1f0!2f0!3f0!3m2!1i1024!2i768!4f13.1!3m3!1m2!1s0x8e3eb484708a4721%3A0x612f3a4a440a5212!2zQWxjYWxkw61h!5e0!3m2!1ses-419!2sco!4v1744829361257!5m2!1ses-419!2sco\" width=\"600\" height=\"450\" style=\"border:0;\" allowfullscreen=\"\" loading=\"lazy\" referrerpolicy=\"no-referrer-when-downgrade\"><\/iframe>\n    <\/div>\n    <div class=\"noticias-recurso-info\">\n      <h4 class=\"noticias-recurso-nombre\">L\u00ednea de Apoyo Emocional<\/h4>\n      <p class=\"noticias-recurso-direccion\">Carrera 4 N. 8 &#8211; 122, Purificaci\u00f3n<\/p>\n      <a href=\"tel:573153254512 \" class=\"noticias-recurso-telefono\">\ud83d\udcde 315 325 4512<\/a>\n      <div class=\"noticias-recurso-extra\">\n        <a href=\"https:\/\/purificacion-tolima.gov.co\/NuestraAlcaldia\/SaladePrensa\/Paginas\/L%C3%ADnea-de-apoyo-emocional,-disponible-las-24-horas-del-d%C3%ADa.aspx\" target=\"_blank\" class=\"noticias-recurso-web\" rel=\"noopener\">\ud83c\udf10 Sitio Web<\/a>\n        <a href=\"mailto:contactenos@purificacion-tolima.gov.co\" class=\"noticias-recurso-email\">\u2709\ufe0f contactenos@purificacion-tolima.gov.co<\/a>\n      <\/div>\n    <\/div>\n  <\/div>\n<\/div>\n\n<\/section>\n","protected":false},"excerpt":{"rendered":"<p>\u00daltimas Noticias Mantente informado con nuestras actualizaciones y consejos sobre salud renal. Diciembre 18, 2024 Historias Mujer recibi\u00f3 un trasplante de ri\u00f1\u00f3n de cerdo Paciente recibe xenotrasplante que elimina necesidad de di\u00e1lisis tras ocho a\u00f1os de espera. Maria Salas Valencia Leer m\u00e1s Septiembre 16, 2024 Esperanza Recetas para el alma La mayor parte de nuestras &hellip;<\/p>\n","protected":false},"author":1,"featured_media":0,"parent":0,"menu_order":0,"comment_status":"closed","ping_status":"closed","template":"","meta":{"give_campaign_id":0,"footnotes":""},"class_list":["post-1102","page","type-page","status-publish","hentry","no-thumb"],"campaignId":"","_links":{"self":[{"href":"https:\/\/fundacionlazosdefe.org\/inicio\/wp-json\/wp\/v2\/pages\/1102","targetHints":{"allow":["GET"]}}],"collection":[{"href":"https:\/\/fundacionlazosdefe.org\/inicio\/wp-json\/wp\/v2\/pages"}],"about":[{"href":"https:\/\/fundacionlazosdefe.org\/inicio\/wp-json\/wp\/v2\/types\/page"}],"author":[{"embeddable":true,"href":"https:\/\/fundacionlazosdefe.org\/inicio\/wp-json\/wp\/v2\/users\/1"}],"replies":[{"embeddable":true,"href":"https:\/\/fundacionlazosdefe.org\/inicio\/wp-json\/wp\/v2\/comments?post=1102"}],"version-history":[{"count":29,"href":"https:\/\/fundacionlazosdefe.org\/inicio\/wp-json\/wp\/v2\/pages\/1102\/revisions"}],"predecessor-version":[{"id":1417,"href":"https:\/\/fundacionlazosdefe.org\/inicio\/wp-json\/wp\/v2\/pages\/1102\/revisions\/1417"}],"wp:attachment":[{"href":"https:\/\/fundacionlazosdefe.org\/inicio\/wp-json\/wp\/v2\/media?parent=1102"}],"curies":[{"name":"wp","href":"https:\/\/api.w.org\/{rel}","templated":true}]}}